 2*k**2 + 2 - k**3 + 4*k**2 + 2. What is the units digit of t(5)?
9
Let z(b) = -b - 1. Let g be z(-4). Suppose -4*l + 2*s = -84, 4*l = g*l - 3*s + 7. What is the units digit of l?
9
Let t = -11 - -15. Let w(h) = 2*h + 4. Let f be w(t). Suppose f + 0 = 2*v. What is the units digit of v?
6
Let b = 0 - -1. Let q(i) = -4*i - i**2 + 4*i - b - i + 4*i. What is the units digit of q(2)?
1
Let m(a) = 22*a + 10. What is the tens digit of m(5)?
2
What is the units digit of 8/4 + -3 - -3?
2
Let g = 661 - 457. What is the hundreds digit of g?
2
Suppose 2*v = 4*s - v - 19, 0 = -s - 3*v + 1. Let j = 1 + s. What is the units digit of j?
5
Let f(x) = -x**2 - 7*x - 6. Let u be f(-6). Suppose u*y = -2*y - 5*d + 7, -5*d - 59 = -4*y. What is the tens digit of y?
1
Suppose -3*b = -b - 4. Suppose -b*w = -r - 5*w + 11, w + 39 = 5*r. What is the units digit of r?
8
Let q(s) = -s**3 - 5*s**2 + 6*s + 3. Let f be q(-6). Suppose -o + 8 = 3*j + f*o, -2*o + 4 = j. Suppose -5*l + 6*l - 6 = j. What is the units digit of l?
6
Suppose -5*a - c + 7 = 3*c, -4*a - 4*c = -8. Let r be 1 - (-2 - a)*11. Suppose 5*u = 62 - r. What is the units digit of u?
0
Let k = 398 + -199. What is the tens digit of k?
9
Suppose -15*w = -12*w - 243. What is the tens digit of w?
8
Suppose -g - 19 - 8 = -4*f, f = 2*g + 12. Let d(v) = 7*v - 3. What is the units digit of d(f)?
9
Let a(f) = -f + 9. Let p be a(7). Let h = p - 2. Suppose 0 = -4*s - h*s + 28. What is the units digit of s?
7
Let a = 1 + 0. Let q = a + 2. Suppose 6 = 2*s, q*s - 17 = -5*n + 4*s. What is the units digit of n?
4
Suppose 3 = 2*l - 55. Let k = l - 7. Let q = k - 9. What is the tens digit of q?
1
Let i = -21 + 40. What is the units digit of i?
9
Suppose -4*o + 2*d + 10 = -2, -3*o + 3*d = -6. Suppose -o = 2*s, -3*k + 2*s = k - 36. Suppose -12 - k = -4*m + 2*t, -m = 3*t - 5. What is the units digit of m?
5
Let j(z) = z**3 + 10*z**2 - z + 10. What is the tens digit of j(-10)?
2
Let v be 1/2 - 74/(-4). Let o = v + 3. What is the tens digit of o?
2
Let u(y) = 6*y**3 - 14*y**2 - 19*y - 21. Let g(s) = -s**3 + 3*s**2 + 4*s + 4. Let b(t) = -11*g(t) - 2*u(t). Let i = -4 + 0. What is the units digit of b(i)?
6
Suppose -5*w + 23 = -32. What is the tens digit of w?
1
Let j(s) = s**2 + 4*s. Let d be j(-5). Suppose -d*h = -9*h + 152. What is the units digit of h?
8
Let o(m) = -m**3 + 0 - 8 - 3*m**2 + 9*m - 2*m**2. What is the units digit of o(-7)?
7
Let v(j) = j + 12. Let i be v(0). Let z = i - 7. Suppose 5*r - 56 = t, 0 = 3*r - z*t - 6 - 10. What is the units digit of r?
2
Suppose 0 = -2*d + 3*r - 37, -2*d - r = r + 12. Let z = d + 22. What is the units digit of z?
1
Let n = 8 - 5. Suppose -2*v + 150 = n*v. What is the tens digit of v?
3
Suppose 0 = -6*c + c. Suppose c = -5*a - 27 + 162. What is the tens digit of a?
2
What is the units digit of (-2)/10 - (-138)/15?
9
Let u(f) be the third derivative of -f**6/120 + f**5/12 - f**4/6 + f**3/6 + f**2. What is the units digit of u(4)?
1
Suppose -r = g - 2*g, -4*g - 3 = -r. Let n = r - -5. Suppose -3*d - n = -3*z + 2*z, -5*d = -3*z + 12. What is the units digit of z?
4
Let r(k) = -2*k + 7. Let z(x) = -x + 5. Let d(n) = -5*r(n) + 8*z(n). Let p be d(-6). Let g = -3 - p. What is the units digit of g?
4
Let c(h) = -22*h + 4. Let l be c(3). What is the units digit of 2/(120/l - -2)?
1
Suppose -3*y + 0*y = 0. Suppose -3 = -y*l + 3*l. Let i = l - -3. What is the units digit of i?
2
Let f(g) = -2 - 2 - 2 + 2*g. Let m be f(4). Suppose 28 = m*x + 2*x. What is the units digit of x?
7
Let p(g) = -11*g**3 - 6*g**2 - 8*g + 0 + 12*g**3 + 8. Suppose -f + 2 = -5. What is the units digit of p(f)?
1
Let m be (528/(-20))/(-3)*10. Let b = -49 + m. What is the units digit of b?
9
What is the tens digit of 37 - 1/(4/(-8))?
3
Suppose -2*g + 0*g - n = -120, 2*g + 4*n = 108. What is the units digit of g?
2
Let z(w) = -5 + 0 + 3*w - w - w. Let d be z(5). Suppose d = -x - 1 + 12. What is the tens digit of x?
1
Suppose -5*f + 6*f + 21 = 0. What is the tens digit of (0 + f/(-9))*6?
1
Suppose 4*x - 3*n - 61 = 0, n = -3*x + 5*n + 37. What is the tens digit of x?
1
Suppose 6 = 2*m + 4*k - 9*k, -m + 21 = 2*k. What is the units digit of m?
3
Let m be (-28)/6 + (-4)/(-6). Let z = 1 - m. Let q = -2 + z. What is the units digit of q?
3
Let z = 27 + -31. Let n = 8 + z. What is the units digit of n?
4
Suppose 4*d = -7 + 99. Let p = 39 - d. What is the tens digit of p?
1
Suppose 5*a + 50 = 200. What is the units digit of a?
0
Suppose -z = -0*z - 18. Let g = -7 + z. Suppose -32 = -3*w - g. What is the units digit of w?
7
Let q(u) be the third derivative of -u**5/60 - 13*u**4/24 - 3*u**3/2 + 7*u**2. What is the tens digit of q(-6)?
3
Suppose -r - 3 = -5*t, 10 = 4*t - 4*r - 2. What is the units digit of (t/1 - -9) + 0?
9
Suppose 4*o = 2*o + 6. Suppose -o*a + 28 = 5*f, 4*a - 16 = -3*f - f. Suppose -56 = -4*t - f. What is the units digit of t?
2
Suppose 4*d + 4 = 16. Let y = d - 15. Let m = 22 + y. What is the tens digit of m?
1
Let r(y) = y**3 - 7*y**2 + 9*y - 7. Suppose -3 - 15 = -3*g. What is the units digit of r(g)?
1
Let p = -16 - -21. What is the units digit of p?
5
Let a = -39 + 56. Let r = a - 0. What is the units digit of r?
7
Let x(q) be the first derivative of 5*q**2 - 13*q - 7. What is the units digit of x(5)?
7
Let g(b) = b**3 - 3*b**2 + b - 1. Let x be g(3). Suppose x*k - 42 = -0*k. What is the units digit of k?
1
Let q(f) = f**3 + 10*f**2 - 3*f - 9. What is the tens digit of q(-10)?
2
Let p = 69 - 46. What is the tens digit of p?
2
Let o be (0 + 6)/(2 - 0). What is the units digit of 34*(o - 2)/2?
7
Suppose 115 - 15 = 4*c. What is the units digit of c?
5
Let r(t) = -t**3 + t**2 - t + 3. Let a be r(0). Suppose -a*w = -5*w. Suppose -5*f + 17 + 38 = w. What is the units digit of f?
1
Let z = 15 - -3. Suppose -4*p = 4*k - 20, 4*k - z + 6 = 0. Suppose p*n + 6 = 4*n. What is the units digit of n?
3
What is the tens digit of (320/25)/(6/15)?
3
Suppose q - 12 - 11 = 0. Suppose 5*a - q = 17. What is the units digit of a?
8
Suppose -4 = t - 3*i, 0 = t + i - 2*i. Let p = 11 + t. What is the tens digit of p?
1
Let m be (-1)/(-3) - 10/(-6). Suppose 4*h - 14 = m*h. Suppose 4*y - 25 - 3 = 4*j, 5*y - h = -2*j. What is the units digit of y?
3
Let g(b) = b**3 + 11*b**2 - 2*b - 2. What is the tens digit of g(-11)?
2
What is the units digit of (-2 + 6 + -3)*396?
6
Suppose 22 = 2*v + 4. Let q(m) = -m**2 + m + 3 - 9 - v*m. What is the units digit of q(-6)?
6
Suppose h - 5 = -4. Let a be (-3)/3*(h - 1). Suppose 2*d - 5*b - 2 = a, 0 = 3*d - 0*d + 4*b - 26. What is the units digit of d?
6
Let a(f) = -f**3 + 6*f**2 - 3*f - 5. Let y be a(5). Suppose -2*v + y*v = 0. Suppose 2*c + 1 = -l - v, 3*l + 15 = 0. What is the units digit of c?
2
Let f(u) = -u**3 - 8*u**2 - 9*u - 9. What is the units digit of f(-7)?
5
Let z = 40 - -255. What is the units digit of z?
5
Let z(u) = u + 7. What is the tens digit of z(10)?
1
Let u be -2 - (-8 + -1 + 1). Let g(a) = 2*a - 1. What is the units digit of g(u)?
1
Suppose 0*u = -2*u - k + 95, 5*u - 2*k = 215. What is the tens digit of u?
4
Let g be 2/(-8) - (-13)/4. Suppose 36 = 3*j + g. What is the tens digit of j?
1
What is the tens digit of (-4 + 4 + -15)*-6?
9
Suppose -3 + 25 = 4*c + 2*q, -c + 5*q - 22 = 0. Suppose b - c - 4 = 0. What is the units digit of b?
7
Let b = 19 - 12. What is the units digit of b?
7
Let l(d) be the second derivative of d**5/20 + d**4/4 - 2*d**3/3 + d**2 + 8*d. What is the units digit of l(2)?
4
Suppose -4*s + 8 = -3*t - 0*s, 5*s = 5*t + 10. Let k = t - 0. Suppose k*i - 5*i = -40. What is the units digit of i?
8
Let b be ((-14)/(-6) + -2)*-9. What is the units digit of 1/(b + 2) - -26?
5
Suppose 5*k - 1903 = -6*k. What is the units digit of k?
3
Suppose -k = 4*h - 2 + 3, -3*h = 4*k - 61. What is the units digit of k?
9
Let v = 32 - 6. What is the tens digit of v?
2
Let z(m) = -m**3 - 3*m**2 + 5*m - 2. Let f be z(-4). Let w = -4 - f. Suppose -w*r + c + 9 = 0, -4*r - 4*c - 13 = -1. What is the units digit of r?
2
Suppose 2 = -5*c + 12. Suppose 0*q - 18 = -c*q. What is the units digit of q?
9
Let p(k) = k - 3. Let n be p(5). Suppose 2*t + 2 = 6. Suppose 4*m - t*g - 38 = 0, n*g - 13 - 45 = -4*m. What is the tens digit of m?
1
Let b = 21 + -20. What is the units digit of b?
1
Suppose 0 = -3*y - 0*y - 